 s a composite number?
True
Suppose -12*i + 21*i + 41571 = 0. Let p = i - -8256. Is p a composite number?
False
Is (-238220)/(-10) - 7 - 6 a prime number?
False
Let g(l) = l**3 - 12*l**2 - 29*l + 18. Let c be g(14). Suppose 0 = -0*p + 2*p - 6. Suppose -c*j + 1019 = 5*u, -p*j - u + 750 = -2*u. Is j a composite number?
False
Suppose -3*b + 618 + 654 = 0. Suppose 858 + 132 + 1740 = -26*c. Let d = b - c. Is d a prime number?
False
Let d = -978 + 635. Let o = 70 - d. Is o a prime number?
False
Let j(x) be the third derivative of 59*x**4/24 - 31*x**3/6 + 2*x**2. Let y be j(18). Let z = y - -1302. Is z prime?
True
Let n = 15089 - -45798. Is n a composite number?
False
Let p be 240*(15/(-14))/(14/(-147)). Suppose -r - 8309 = -i, -5*i + 3*r = -44245 + p. Is i prime?
False
Suppose 3*t - 3*f = 46824, 0*f - 15617 = -t - 2*f. Let h = -10828 + t. Is h a composite number?
False
Let k(m) = 4*m**2 + 6*m - 7. Let q(a) = -a**3. Let l(b) = k(b) + 2*q(b). Let j be 155/(-20) - (-20)/(-16). Is l(j) a prime number?
True
Suppose -6704886 - 17970803 = -151*l + 5829482. Is l prime?
True
Suppose 0 = -24*p + 27475 + 114077. Suppose 3*y - 644 = -i + p, -i = y - 2184. Is y a composite number?
False
Let f = -186 - -1565. Let q = 1859 + f. Is q prime?
False
Suppose 3*t = -4*c + 20464, 0 = -14*t + 9*t. Let z = 3837 + c. Is z composite?
True
Let o(r) = 2529*r + 2841. Is o(10) composite?
True
Suppose 1 + 401 = 6*k. Let v = 72 - k. Suppose -v*b + 61 = -3304. Is b composite?
False
Let v = 66 - 60. Suppose 0 = 6*s - 4*s + v. Is -2 - -11*(14 - s)*1 prime?
False
Suppose 3*c - 50 = 3*y - 5*y, 2*c - 27 = 5*y. Let n be (9/4)/(c/64). Is 424/12*n/6 a composite number?
False
Suppose 2*d = -2, -v + 5*d = 8 + 2. Is (3 - (-20)/v)/(1/267) a prime number?
False
Let o(z) = -z - 4. Let v(l) = l. Let p(a) = -o(a) - 2*v(a). Let y be p(1). Suppose 2*d + d = b - 1612, y*d = -5*b + 7970. Is b prime?
True
Let t(l) = -8687*l + 14. Let x be t(-1). Suppose 0 = -b - g + 22352, b - 5*g - x - 13657 = 0. Is b a composite number?
True
Let p = -46 + 49. Let u(s) = 146*s + 1. Let x be u(p). Let k = x - 176. Is k a prime number?
True
Let s(l) = -17 + 20 - 8*l + 7*l. Let w be s(17). Is (2 + (-63)/6)*w prime?
False
Let z = -247 + 1680. Suppose -3*c + 12 = -7*c, 3*c - 3327 = 4*p. Let q = p + z. Is q composite?
False
Let l(o) = -9*o + 94. Let z = 392 + -392. Is l(z) a composite number?
True
Suppose -2*u + 7*u - 6*u = 0. Suppose u = -4*y - 14*y + 226890. Is y composite?
True
Let j be (-7243199)/1 - -14*(-22)/77. Is j/(-341) - 4/62 composite?
True
Suppose 2*u = -3*d + 10512, -5*u = -0*u - 5*d - 26280. Suppose 8359 + u = 7*m. Is m composite?
True
Suppose -3*n - 36 = 3*q, -n - q - 36 = 2*n. Let y(w) = w**2 - 9*w + 15. Is y(n) prime?
False
Let d(v) = v**2 + 6*v - 27. Let c be d(-8). Let m be (-93)/(-2)*(c - -15). Suppose 2*l - 428 = -5*j + m, -5*j + 921 = 3*l. Is l composite?
False
Let t(j) = 3076*j**2 + 15*j + 97. Is t(-4) prime?
True
Suppose t - 4*b = 87911, 4*b - 263621 = -69*t + 66*t. Is t composite?
True
Let y = 55166 - -218691. Is y composite?
False
Let d = 12554 - 4216. Let s = d + 15619. Is s prime?
True
Let m = -36554 - -118789. Is m a prime number?
False
Let v be 1/((-4)/(-34)) + (-2)/(-4). Suppose v*x - 14943 = 7890. Is x a prime number?
False
Let m = -409 - -413. Suppose -m*o = v - 138670, 35*o = 40*o - 3*v - 173329. Is o prime?
True
Suppose 0 = 3*x - 8*t + 6*t - 1460609, 2*x - 973742 = 4*t. Is x composite?
False
Is (-20 - 3267/(-165))/((-2)/28483540*2) a composite number?
False
Suppose 3*v - 2*v - 3*c = 3, -4*v + 5 = -5*c. Suppose -5*g - 1254 + 17059 = v. Is g composite?
True
Suppose 4*u - 3*b = 91, -b + 6*b = -5*u + 140. Suppose -11085 = 20*q - u*q. Is q a composite number?
True
Suppose 38642116 + 136038847 = 59*o - 52963398. Is o a composite number?
True
Let i = 180 + -176. Suppose 13578 = 2*a + i*x, -a - 12*x + 8*x = -6791. Is a a composite number?
True
Let z = -164 - -166. Is 0/1 - (-1 + z*-708) composite?
True
Let q = 934 + 1723. Is q prime?
True
Let o = -24 + 29. Suppose 0 = 2*a + o*a + 203. Let i = a + 64. Is i a composite number?
True
Suppose 2*n = -97 - 137. Let s = n + 119. Suppose -s*u = -u + 3*i - 859, -3*i - 1700 = -2*u. Is u a composite number?
False
Is -12329*1*(-143)/11 composite?
True
Let k = 69692 - -27129. Is k prime?
True
Let i be 45/10*3760/(-120)*-1*2. Suppose 3*u + u - 16 = 0. Suppose r - 45 = y + 96, 2*r - u*y - i = 0. Is r a prime number?
False
Suppose 80638 = -934*d + 926*d + 405110. Is d prime?
True
Let y(p) = -p**3 - 4*p**2 + 13*p + 9. Let h be y(-6). Suppose 2*g + 4*r = -8, 0 = g - h*g - 3*r - 5. Is ((-46)/g)/(25/(-175)) a composite number?
True
Suppose 4*d - 3*s + 207 = 0, 2*d + 2*d = -s - 203. Let b = d - -49. Is ((-2)/3)/(b/381) a prime number?
True
Let f(n) be the second derivative of -n**5/20 + 19*n**4/6 + n**3/3 - 37*n**2/2 + 3*n - 5. Is f(28) prime?
False
Let k(t) = -2. Let j(p) = -6*p - 44. Let a(d) = -j(d) - 12*k(d). Let l be a(-11). Suppose -2*o = 2*i - 4632, -2*i + 4622 = 2*o + l*i. Is o composite?
True
Let w be 21/(-14)*4/(-9)*3. Suppose 3*o = -0*o - 3, 0 = w*v - 3*o - 109. Is v*73*8/8 composite?
True
Let r be ((-5)/(-6))/(44/264). Suppose 5*g + r*i - 36845 = 98185, 5*g - 5*i - 135080 = 0. Is g prime?
True
Suppose 0 = 2*n + 30 - 2. Let l be (8/n)/((-9)/((-315)/(-10))). Is (-1 + (-91)/l)*2/(-3) a composite number?
False
Suppose -v + 60 = -5*v. Let i be 2/(-2) - (-5)/(v/(-18)). Suppose 446 = 2*s - i*k, -3*k + 0*k + 1115 = 5*s. Is s a prime number?
True
Suppose -4*g - 223416 = -4*c, 2*c + 326*g - 111683 = 323*g. Is c a composite number?
False
Suppose -2*t = 29*t + 22*t - 86761. Is t a prime number?
True
Suppose 12*v + 39 = 25*v. Suppose 3*a - v*p - 39501 = 0, 8*a + 65803 = 13*a + 3*p. Is a prime?
True
Suppose -19378 = -2*q + 2*t, q = 3*t - 5*t + 9689. Is q composite?
False
Let g(u) = -2656*u - 579. Is g(-23) composite?
False
Let q(f) = -626*f**2 - 6*f - 19. Let i be q(-6). Is -1 - (2 + i + -3) a composite number?
True
Is ((-3)/(-2) - (-3575351)/78)*(-6)/(-4) prime?
False
Suppose -o + 667 + 7333 = 0. Suppose -6*c + 20114 = o. Is c a prime number?
False
Let f = 1860697 - 1023732. Is f a composite number?
True
Let h = -9264 + 18950. Suppose -3*l - h = -n, 0 = 21*n - 16*n - 2*l - 48391. Is n a prime number?
True
Let a be (-15)/(-10)*(-2)/(-3) + 5092. Let l = a - 3550. Is l composite?
False
Let b(r) = 3*r**3 - 11*r**2 + 10*r - 3. Let v(y) = -2*y - 30. Let c be v(-17). Suppose -4*o + 3*g = -22, c*g = -5*o - g + 45. Is b(o) composite?
False
Let d(s) = 184*s**2 - 19*s + 5. Let v be d(-15). Suppose 0 = 8*i - v - 54318. Is i composite?
True
Suppose -2*m = 4*i + 77322, -17374 - 79286 = 5*i + m. Let q = -9800 - i. Is q prime?
True
Let s(g) = 7*g**3 + 6*g**2 - 9*g + 7. Suppose -3*i + 72 = -6*i. Let y = i - -27. Is s(y) a composite number?
False
Suppose -7*o + 6*o + 3 = 0. Suppose 0 = o*a - 6848 - 1759. Suppose 2*x + 747 - a = 0. Is x composite?
False
Let d(v) = -11*v**2 - 47*v**3 - 9*v + v**2 + 9*v**3 + 0*v**2 - 96 + 32*v**3. Is d(-11) composite?
False
Let r = 10508 + 40413. Is r composite?
True
Suppose 7*h = 3 + 11. Suppose h*g - 5*j = 3737, g - 1683 = -j + 175. Is g a prime number?
True
Suppose 0 = -z + 4*k + 363735, 106 = -4*k + 90. Is z a composite number?
False
Let n(w) be the second derivative of w**7/252 + 7*w**6/720 + 11*w**5/120 + 2*w**4 + 5*w. Let m(t) be the third derivative of n(t). Is m(-5) a prime number?
False
Let t(p) = p**3 + 29*p**2 - p - 27. Let i be t(-29). Suppose -y = 5*h - 36211, -4*h - i*y - 7251 = -5*h. Is h a prime number?
True
Let z(d) = 12716*d**2 + 205*d + 13. Is z(-3) prime?
False
Suppose -5*v - 354162 = -2*f, -39*f = -42*f + 8*v + 531239. Is f composite?
False
Let u(n) = 42*n**2 - 178*n + 77. Is u(25) composite?
True
Suppose 9*f = -6*f + 87255. Let z = -1876 + f. Is z composite?
True
Let j = -7767 - -1939. Is (j/8 + -2)*(-2)/3 a prime number?
True
Let l(d) = -111*d + 82*d + 99*d - 103. Is l(19) a composite number?
True
Let i(x) = 31*x**2 - 21*x - 1103. Is i(-72) prime?
False
Let n = -49157 + 102962. Suppose -57006 - n = -5*g + p, -5*p + 44346 = 2*g. Is g a prime number?
False
Let g = -128587 + 210404. Is g a prime number?
True
Let o(n) = 4*n**2 - 38*n + 17. Let r(s) = -s**2 - 3*s - 51. Let b be r(0). Let i = 65 + b. Is o(i) a composite number?
False